nd 2544?
318
Calculate the highest common divisor of 66766 and 5947.
19
What is the highest common factor of 4706 and 7602?
362
Calculate the greatest common divisor of 34958 and 5159.
77
What is the greatest common factor of 28714 and 2450?
98
What is the greatest common factor of 32 and 188096?
32
What is the highest common factor of 22233 and 72?
3
Calculate the highest common divisor of 54 and 91179.
27
Calculate the highest common factor of 24362 and 2431.
13
Calculate the highest common factor of 394435 and 5.
5
What is the greatest common factor of 18520 and 220?
20
What is the greatest common factor of 5868 and 38468?
652
What is the highest common divisor of 4713 and 165?
3
What is the highest common factor of 2618 and 39116?
154
What is the highest common factor of 3645 and 15?
15
Calculate the greatest common factor of 28508 and 4.
4
Calculate the highest common divisor of 18224 and 41674.
134
Calculate the highest common factor of 3969 and 1887.
3
Calculate the greatest common factor of 861 and 246.
123
Calculate the greatest common divisor of 1627860 and 3120.
780
What is the greatest common factor of 43302 and 1134?
42
Calculate the highest common factor of 47726 and 2435.
487
Calculate the greatest common divisor of 820841 and 28.
7
What is the highest common divisor of 1454 and 9?
1
What is the highest common divisor of 3207 and 96?
3
What is the highest common divisor of 243 and 153684?
27
Calculate the highest common divisor of 6454630 and 182.
182
Calculate the greatest common factor of 3 and 19263.
3
What is the greatest common divisor of 588 and 8268?
12
Calculate the highest common divisor of 15 and 130395.
15
Calculate the greatest common divisor of 34 and 876741.
17
Calculate the greatest common factor of 161798 and 539.
49
Calculate the greatest common divisor of 2180 and 340.
20
What is the highest common factor of 231 and 561?
33
Calculate the greatest common factor of 15 and 318805.
5
What is the greatest common factor of 1575 and 101700?
225
Calculate the greatest common divisor of 17381 and 364.
91
What is the highest common divisor of 57720 and 10140?
780
What is the highest common factor of 58339 and 771?
257
What is the highest common factor of 82 and 166?
2
What is the greatest common divisor of 448 and 59836?
28
What is the greatest common factor of 13 and 28431?
13
What is the greatest common divisor of 36 and 657744?
12
Calculate the greatest common factor of 39298 and 518.
14
What is the highest common divisor of 5299 and 35?
7
Calculate the highest common divisor of 15870 and 5190.
30
Calculate the highest common divisor of 216 and 984.
24
Calculate the greatest common divisor of 11983 and 25529.
521
Calculate the highest common factor of 11782 and 274.
274
What is the highest common factor of 2466 and 22742?
274
Calculate the highest common divisor of 145200 and 94050.
1650
Calculate the highest common divisor of 98368 and 265.
53
What is the greatest common divisor of 48238 and 1355?
271
Calculate the greatest common divisor of 141 and 157309.
47
What is the greatest common divisor of 368 and 228206?
46
Calculate the greatest common factor of 44329 and 101911.
457
Calculate the greatest common factor of 220 and 30085.
55
Calculate the highest common factor of 14196 and 4914.
546
Calculate the greatest common factor of 19214 and 130.
26
What is the greatest common factor of 131626 and 3410?
682
What is the highest common factor of 626894 and 3991?
307
Calculate the highest common divisor of 411 and 79186.
137
Calculate the highest common divisor of 735 and 3341604.
147
What is the highest common divisor of 1649 and 4171?
97
Calculate the highest common divisor of 8 and 35999.
1
Calculate the highest common divisor of 95 and 117515.
95
What is the greatest common factor of 231 and 163009?
77
What is the greatest common divisor of 21275 and 437?
23
What is the greatest common factor of 9230 and 1562?
142
Calculate the highest common factor of 343798 and 14.
14
Calculate the greatest common divisor of 34 and 60367.
17
Calculate the greatest common divisor of 1860 and 251565.
465
Calculate the highest common divisor of 6438 and 1392.
174
What is the greatest common factor of 36543 and 195?
39
Calculate the highest common factor of 961 and 40827.
31
What is the greatest common factor of 1783884 and 1464?
732
Calculate the greatest common divisor of 116 and 167446.
58
What is the greatest common divisor of 8 and 51684?
4
Calculate the highest common divisor of 15 and 33339.
3
What is the greatest common divisor of 1664 and 28?
4
What is the highest common factor of 54672 and 51?
51
What is the highest common divisor of 9666 and 7722?
54
What is the highest common factor of 390 and 1506?
6
What is the highest common factor of 20 and 7303720?
20
What is the greatest common divisor of 29187 and 759?
69
What is the highest common factor of 22967 and 68?
17
Calculate the highest common divisor of 608 and 452880.
16
What is the greatest common divisor of 21 and 6075?
3
What is the highest common divisor of 61 and 2026054?
61
Calculate the highest common divisor of 492 and 1338486.
246
Calculate the greatest common divisor of 3936 and 3977.
41
Calculate the greatest common divisor of 12820280 and 110.
110
What is the greatest common divisor of 1650 and 737?
11
What is the greatest common divisor of 17 and 68663?
17
What is the greatest common factor of 14980 and 1177?
107
Calculate the greatest common factor of 2944039 and 217.
217
Calculate the greatest common factor of 252 and 77448.
84
What is the highest common factor of 33204 and 126?
6
What is the highest common divisor of 172665 and 9180?
135
What is the highest common factor of 30601 and 6896?
431
Calculate the highest common factor of 30 and 1742690.
10
What is the highest common factor of 14 and 317940?
14
Calculate the highest common factor of 11418 and 26296.
346
Calculate the highest common factor of 67093 and 338.
169
What is the greatest common divisor of 768 and 312864?
96
What is the greatest common factor of 457504 and 2720?
544
What is the highest common divisor of 96 and 112524?
12
What is the greatest common divisor of 80940 and 11495?
95
Calculate the highest common divisor of 704 and 435776.
704
Calculate the highest common divisor of 7322 and 77.
7
Calculate the highest common factor of 36540 and 16820.
580
Calculate the greatest common factor of 22 and 334774.
22
Calculate the greatest common factor of 21 and 41111.
7
What is the greatest common factor of 5109 and 10309?
13
What is the greatest common factor of 405 and 80?
5
Calculate the greatest common factor of 3 and 11280.
3
What is the highest common divisor of 109 and 181?
1
Calculate the greatest common divisor of 4509 and 1101699.
1503
Calculate the highest common divisor of 7049 and 22631.
371
What is the greatest common factor of 12 and 160180?
4
What is the highest common divisor of 2718 and 6946?
302
What is the highest common divisor of 156 and 33228?
156
Calculate the greatest common factor of 59173 and 1269.
47
Calculate the highest common factor of 9113 and 13637.
13
Calculate the highest common divisor of 357 and 195738.
51
What is the highest common factor of 1827 and 696?
87
Calculate the greatest common factor of 8 and 90456.
8
Calculate the highest common divisor of 1600 and 18240.
320
What is the highest common factor of 6360 and 239136?
1272
Calculate the highest common factor of 8533 and 106.
53
Calculate the highest common factor of 888412 and 14.
14
Calculate the greatest common factor of 510 and 12189.
51
What is the greatest common factor of 226 and 679130?
226
Calculate the highest common factor of 3336 and 1823124.
1668
Calculate the highest common divisor of 385 and 326165.
35
Calculate the highest common divisor of 616502 and 398.
398
Calculate the highest common divisor of 63 and 78426.
9
What is the greatest common factor of 47025 and 675?
225
What is the highest common divisor of 35880 and 3880?
40
Calculate the highest common factor of 132 and 78639.
33
What is the highest common factor of 276844 and 67?
67
What is the greatest common divisor of 5120 and 1520?
80
What is the highest common factor of 85 and 220?
5
What is the highest common divisor of 1